 are the prime factors of 297169909?
3607, 82387
List the prime factors of 54868138.
2, 13, 2110313
What are the prime factors of 718711261?
17, 42277133
List the prime factors of 60963916.
2, 13, 29, 40427
What are the prime factors of 1034885075?
5, 7, 59, 113, 887
List the prime factors of 48465562.
2, 24232781
What are the prime factors of 3127923146?
2, 19, 82313767
What are the prime factors of 78407202?
2, 3, 13067867
What are the prime factors of 45306538?
2, 991, 22859
List the prime factors of 27933757.
29, 109, 8837
What are the prime factors of 6036192?
2, 3, 20959
What are the prime factors of 653586011?
13, 59, 113, 7541
What are the prime factors of 2594600104?
2, 324325013
List the prime factors of 2079793432.
2, 4013, 64783
List the prime factors of 27071663.
27071663
What are the prime factors of 1024853784?
2, 3, 42702241
List the prime factors of 707452857.
3, 3673, 21401
List the prime factors of 4362286953.
3, 53, 59, 465013
What are the prime factors of 7050753?
3, 43, 6073
What are the prime factors of 29707618?
2, 14853809
List the prime factors of 89366107.
7351, 12157
What are the prime factors of 561622591?
17, 593, 55711
List the prime factors of 1140494.
2, 19, 30013
What are the prime factors of 38828362?
2, 19, 1021799
What are the prime factors of 95396753?
283, 337091
What are the prime factors of 24471303?
3, 8157101
List the prime factors of 1648312462.
2, 313, 991, 2657
List the prime factors of 43638147.
3, 7, 313, 2213
List the prime factors of 1313200568.
2, 79, 2077849
What are the prime factors of 242472501?
3, 1289, 6967
List the prime factors of 3910486827.
3, 13, 100268893
List the prime factors of 1053019090.
2, 5, 983, 107123
List the prime factors of 327643706.
2, 13, 1543, 8167
List the prime factors of 1353194025.
3, 5, 18042587
What are the prime factors of 2086618456?
2, 13, 19, 1055981
List the prime factors of 43701798.
2, 3, 7, 17, 97, 631
What are the prime factors of 1009143756?
2, 3, 28031771
List the prime factors of 4441047679.
25913, 171383
What are the prime factors of 154333864?
2, 23, 838771
What are the prime factors of 18103146?
2, 3, 3017191
List the prime factors of 736358304.
2, 3, 11, 193, 3613
What are the prime factors of 1291808083?
27431, 47093
List the prime factors of 221996685.
3, 5, 317, 46687
What are the prime factors of 278356361?
278356361
List the prime factors of 7551466.
2, 13, 290441
What are the prime factors of 252669090?
2, 3, 5, 8422303
List the prime factors of 71156294.
2, 11, 3234377
List the prime factors of 178250876.
2, 44562719
What are the prime factors of 64745205?
3, 5, 7, 31, 19891
List the prime factors of 222518222.
2, 37, 3007003
What are the prime factors of 194137943?
17, 277, 41227
List the prime factors of 604915044.
2, 3, 883, 57089
List the prime factors of 71427919.
71427919
What are the prime factors of 1194644025?
3, 5, 383, 4621
List the prime factors of 1960461527.
1960461527
List the prime factors of 110413316.
2, 13, 601, 3533
List the prime factors of 1422813865.
5, 11, 25869343
List the prime factors of 77762706.
2, 3, 7, 19, 13921
What are the prime factors of 2728409108?
2, 67, 2677, 3803
List the prime factors of 25372021.
43, 83, 7109
List the prime factors of 1233545246.
2, 19, 23, 211, 6689
List the prime factors of 406722926.
2, 17, 11962439
What are the prime factors of 354760038?
2, 3, 59, 334049
List the prime factors of 512453673.
3, 6977, 8161
List the prime factors of 2547568932.
2, 3, 17, 79, 158077
What are the prime factors of 706706758?
2, 47, 7518157
What are the prime factors of 8718926914?
2, 41, 131, 811667
What are the prime factors of 2070987150?
2, 3, 5, 29, 476089
List the prime factors of 2723854256.
2, 73, 89, 26203
List the prime factors of 36658931.
127, 288653
What are the prime factors of 201529749?
3, 23, 47, 62143
What are the prime factors of 3677982095?
5, 19, 23, 109, 15443
What are the prime factors of 794416535?
5, 11, 14443937
What are the prime factors of 4061127400?
2, 5, 11, 37, 49891
List the prime factors of 45605593.
11, 1759, 2357
List the prime factors of 459809546.
2, 7, 31, 79, 13411
List the prime factors of 3950009133.
3, 7, 7013, 26821
List the prime factors of 3878740489.
13, 298364653
List the prime factors of 1290581568.
2, 3, 2240593
List the prime factors of 4579869096.
2, 3, 11, 5782663
List the prime factors of 272805378.
2, 3, 29, 1567847
What are the prime factors of 68698956?
2, 3, 389, 14717
What are the prime factors of 4061747463?
3, 1353915821
What are the prime factors of 48598484?
2, 11, 1104511
List the prime factors of 12190198.
2, 1319, 4621
List the prime factors of 76608746.
2, 41, 934253
What are the prime factors of 13691757?
3, 4563919
What are the prime factors of 191940628?
2, 11, 271, 16097
What are the prime factors of 1103847619?
7, 29, 113, 48121
List the prime factors of 753563971.
753563971
List the prime factors of 641025147.
3, 7, 59, 517373
List the prime factors of 195590405.
5, 53, 89, 8293
List the prime factors of 648493741.
7, 92641963
List the prime factors of 32337780.
2, 3, 5, 311, 1733
What are the prime factors of 325575348?
2, 3, 7, 131, 29587
List the prime factors of 73119577.
1151, 63527
What are the prime factors of 52204287?
3, 17401429
What are the prime factors of 698293086?
2, 3, 2789, 41729
What are the prime factors of 76978677?
3, 23, 1115633
List the prime factors of 570191202.
2, 3, 7, 71, 63737
What are the prime factors of 139273556?
2, 23, 41, 36923
What are the prime factors of 80436736?
2, 157103
What are the prime factors of 1035265161?
3, 7, 761, 64781
List the prime factors of 975429096.
2, 3, 149, 272771
List the prime factors of 751304618.
2, 375652309
What are the prime factors of 895693725?
3, 5, 19, 209519
What are the prime factors of 26062047?
3, 11, 87751
List the prime factors of 94237294.
2, 89, 529423
List the prime factors of 291484224.
2, 3, 37, 47, 97
List the prime factors of 13291553.
11, 47, 547
What are the prime factors of 377412035?
5, 7, 11, 13, 75407
List the prime factors of 43923935.
5, 11, 389, 2053
List the prime factors of 318718640.
2, 5, 3983983
List the prime factors of 933657653.
23, 199, 203989
List the prime factors of 1736838793.
37, 46941589
What are the prime factors of 345331501?
345331501
List the prime factors of 280829422.
2, 140414711
What are the prime factors of 1256224994?
2, 23, 41, 666079
What are the prime factors of 3935021971?
109, 36101119
List the prime factors of 163454183.
163454183
What are the prime factors of 4637229?
3, 1545743
List the prime factors of 60384859.
389, 155231
List the prime factors of 725885404.
2, 233, 778847
What are the prime factors of 211761735?
3, 5, 14117449
List the prime factors of 963076148.
2, 23, 10468219
What are the prime factors of 1123452778?
2, 7, 313, 449, 571
What are the prime factors of 6672879893?
1567, 4258379
What are the prime factors of 731374906?
2, 1087, 336419
What are the prime factors of 1299700976?
2, 7, 11604473
What are the prime factors of 118409626?
2, 83, 713311
List the prime factors of 192960541.
163, 673, 1759
List the prime factors of 1714881757.
1714881757
What are the prime factors of 2218324?
2, 71, 73, 107
What are the prime factors of 4624508774?
2, 109, 21213343
List the prime factors of 124739841.
3, 2287, 18181
What are the prime factors of 1208318086?
2, 211, 2863313
List the prime factors of 11336046.
2, 3, 19, 99439
What are the prime factors of 1062994352?
2, 7, 9491021
What are the prime factors of 4168181414?
2, 17, 467, 262513
What are the prime factors of 1392981334?
2, 3259, 213713
What are the prime factors of 4730882?
2, 13, 181957
List the prime factors of 226306944.
2, 3, 31, 6337
What are the prime factors of 6072281?
17, 29, 109, 113
What are the prime factors of 199493887?
101, 1975187
List the prime factors of 615039108.
2, 3, 607, 84437
What are the prime factors of 45034319?
11, 47, 87107
List the prime factors of 68868124.
2, 13, 1324387
What are the prime factors of 579659004?
2, 3, 167, 3571
What are the prime factors of 2818423426?
2, 7, 13, 15485843
List the prime factors of 1181900881.
7, 43, 173, 22697
What are the prime factors of 21495272?
2, 241, 11149
What